337 divide 339827?
False
Does 549 divide 5623407?
True
Is 89 a factor of 265754?
True
Does 886 divide 2818366?
True
Is 3192232 a multiple of 79?
True
Is 54 a factor of 11170541?
False
Is 7 a factor of 90779?
False
Is 13 a factor of 583544?
True
Does 460 divide 10448440?
True
Is 218747 a multiple of 77?
False
Does 12 divide 15202404?
True
Does 74 divide 7509438?
False
Is 154770 a multiple of 110?
True
Is 12 a factor of 124889?
False
Is 98 a factor of 78059?
False
Is 486168 a multiple of 282?
True
Is 856807 a multiple of 163?
False
Does 47 divide 451106?
True
Is 66 a factor of 1624062?
True
Is 3 a factor of 17895?
True
Is 2060198 a multiple of 202?
True
Is 9807817 a multiple of 26?
False
Does 523 divide 307680?
False
Is 1920409 a multiple of 687?
False
Is 1063 a factor of 14306071?
False
Is 12 a factor of 103272?
True
Is 15 a factor of 1710253?
False
Is 92 a factor of 55962?
False
Is 45 a factor of 758880?
True
Does 205 divide 2013510?
True
Does 2 divide 65590?
True
Does 249 divide 147657?
True
Does 147 divide 292824?
True
Does 19 divide 1861734?
True
Is 36711 a multiple of 25?
False
Is 366 a factor of 3030185?
False
Is 74664 a multiple of 8?
True
Does 551 divide 616018?
True
Is 28 a factor of 3101560?
True
Is 71331 a multiple of 31?
True
Does 355 divide 697575?
True
Is 19 a factor of 621927?
True
Is 55 a factor of 43505?
True
Is 74 a factor of 43891?
False
Does 34 divide 74251?
False
Does 18 divide 395010?
True
Does 267 divide 52306?
False
Does 8 divide 543078?
False
Is 11826855 a multiple of 75?
False
Is 27 a factor of 6385174?
False
Does 195 divide 11914120?
False
Does 14 divide 251632?
False
Does 77 divide 1308384?
True
Does 17 divide 12689?
False
Is 11 a factor of 10273748?
False
Does 530 divide 2721419?
False
Is 25 a factor of 238475?
True
Is 18 a factor of 246491?
False
Is 7 a factor of 6275?
False
Is 871575 a multiple of 506?
False
Is 45033 a multiple of 8?
False
Does 246 divide 394055?
False
Does 15 divide 34320?
True
Is 91459 a multiple of 164?
False
Is 15754072 a multiple of 465?
False
Is 123 a factor of 2383125?
True
Is 178888 a multiple of 379?
True
Is 9 a factor of 5579759?
False
Is 23 a factor of 29026?
True
Does 25 divide 154811?
False
Is 64746 a multiple of 9?
True
Does 495 divide 3477870?
True
Is 115 a factor of 2999160?
False
Is 147 a factor of 568890?
True
Is 19092 a multiple of 3?
True
Is 1323460 a multiple of 24?
False
Is 56289 a multiple of 125?
False
Is 135 a factor of 1479628?
False
Is 2803801 a multiple of 13?
True
Is 1939460 a multiple of 20?
True
Is 582 a factor of 274565?
False
Is 4 a factor of 242352?
True
Is 23200263 a multiple of 125?
False
Is 13 a factor of 16535?
False
Does 166 divide 171911?
False
Is 39 a factor of 5311566?
True
Does 21 divide 1019058?
False
Does 35 divide 24327435?
False
Is 250 a factor of 14686847?
False
Is 229 a factor of 4820871?
False
Does 2 divide 23293?
False
Is 9354 a multiple of 3?
True
Does 4 divide 81660?
True
Is 198260 a multiple of 92?
True
Is 48 a factor of 429312?
True
Is 2059425 a multiple of 69?
False
Is 169 a multiple of 70?
False
Does 13 divide 40287?
True
Is 298 a factor of 5350888?
True
Does 15 divide 621125?
False
Is 12931317 a multiple of 11?
False
Is 1083876 a multiple of 123?
True
Is 6587898 a multiple of 119?
False
Is 43 a factor of 1191788?
True
Does 662 divide 17065698?
True
Is 16 a factor of 638077?
False
Does 211 divide 217997?
False
Is 2721438 a multiple of 214?
True
Is 5920690 a multiple of 710?
True
Is 95 a factor of 253175?
True
Does 127 divide 88646?
True
Is 4004 a multiple of 50?
False
Is 13 a factor of 931664?
False
Does 8 divide 3024985?
False
Is 765516 a multiple of 61?
False
Is 2841762 a multiple of 462?
True
Is 208 a factor of 14317680?
True
Does 60 divide 3277560?
True
Does 40 divide 231600?
True
Does 341 divide 542531?
True
Is 2434092 a multiple of 1381?
False
Is 145 a factor of 210059?
False
Is 494 a factor of 4877858?
False
Is 2228 a factor of 8094324?
True
Does 7 divide 1052472?
False
Is 499260 a multiple of 628?
True
Is 1194926 a multiple of 392?
False
Is 50 a factor of 144400?
True
Is 120 a factor of 397440?
True
Is 54930 a multiple of 10?
True
Does 2 divide 4182?
True
Is 329 a factor of 1645000?
True
Does 10 divide 1581384?
False
Is 5607498 a multiple of 9?
False
Is 949870 a multiple of 740?
False
Is 10 a factor of 7873290?
True
Does 102 divide 2921892?
True
Is 5 a factor of 127560?
True
Is 68880 a multiple of 48?
True
Is 460 a factor of 506920?
True
Is 268227 a multiple of 4?
False
Does 44 divide 2060262?
False
Is 17 a factor of 509235?
True
Does 8 divide 333716?
False
Is 233 a factor of 263535?
False
Is 68 a factor of 10812?
True
Is 162895 a multiple of 36?
False
Is 13985870 a multiple of 17?
False
Is 18 a factor of 8108082?
True
Is 195392 a multiple of 43?
True
Is 34 a factor of 6528?
True
Is 79317 a multiple of 382?
False
Is 9 a factor of 6602767?
False
Is 224 a factor of 209440?
True
Does 106 divide 178948?
False
Is 227136 a multiple of 507?
True
Does 27 divide 16521325?
False
Is 22 a factor of 4174324?
True
Is 14 a factor of 189952?
True
Is 3006720 a multiple of 192?
True
Is 4457845 a multiple of 35?
True
Does 12 divide 128640?
True
Is 61 a factor of 7838073?
True
Is 14 a factor of 21449296?
False
Does 200 divide 500800?
True
Does 293 divide 78924?
False
Is 634 a factor of 4338462?
True
Is 126702 a multiple of 16?
False
Is 156488 a multiple of 124?
True
Is 336165 a multiple of 261?
False
Is 76237 a multiple of 6?
False
Is 545192 a multiple of 46?
True
Does 24 divide 871618?
False
Is 20 a factor of 53606?
False
Is 183612 a multiple of 214?
True
Is 18050 a multiple of 19?
True
Does 10 divide 1870080?
True
Is 155 a factor of 88350?
True
Does 571 divide 232248?
False
Is 4166866 a multiple of 6?
False
Is 88225 a multiple of 99?
False
Is 103 a factor of 508252?
False
Does 4 divide 105093?
False
Is 6 a factor of 50238?
True
Is 184 a factor of 4146440?
True
Does 21 divide 1719039?
True
Is 66 a factor of 64350?
True
Is 41 a factor of 80898?
False
Is 45 a factor of 290880?
True
Does 443 divide 3756000?
False
Is 3 a factor of 325909?
False
Is 62 a factor of 159565?
False
Is 180933 a multiple of 9?
False
Is 78562 a multiple of 155?
False
Is 429 a factor of 1074322?
False
Is 3189654 a multiple of 951?
True
Is 1364141 a multiple of 6?
False
Is 9965 a multiple of 11?
False
Does 43 divide 916378?
False
Is 4 a factor of 17440?
True
Is 71865 a multiple of 4?
False
Is 106384 a multiple of 872?
True
Is 468325 a multiple of 13?
True
Is 2931120 a multiple of 920?
True
Does 304 divide 578512?
True
Is 20 a factor of 20902026?
False
Does 23 divide 294791?
True
Does 164 divide 124968?
True
Does 269 divide 1662420?
True
Does 20 divide 833338?
False
Is 15720749 a multiple of 10?
False
Is 642039 a multiple of 4?
False
Is 7503315 a multiple of 47?
True
Does 9 divide 77958?
True
Is 68 a factor of 697952?
True
Is 24 a factor of 28200?
True
Does 106 divide 3360822?
False
Is 15605808 a multiple of 24?
True
Does 36 divide 5814777?
False
Is 430 a factor of 6030651?
False
Is 349960 a multiple of 104?
True
Is 4974321 a multiple of 11?
True
Does 29 divide 745242?
True
Is 476 a factor of 34328168?
True
Is 220 a factor of 2387220?
True
Does 9 divide 87461?
False
Does 16 divide 1937008?
True
Is 4 a factor of 31567?
False
Does 48 divide 64128?
True
Is 222 a factor of 158416?
False
Is 126048 a multiple of 39?
True
Is 18 a factor of 1433873?
False
Is 320263 a multiple of 25?
False
Is 22 a factor of 6376480?
True
Is 7555 a multiple of 22?
False
Does 36 divide 179136?
True
Does 3 divide 129076?
False
Is 3350433 even?
False
Does 11 divide 274495?
False
Does 9 divide 2452158?
True
Is 416 a factor of 3466112?
True
Is 1503769 a multiple of 90?
False
Does 89 divide 119788?
False
Does 26 divide 404872?
True
Is 1500296 a multiple of 146?
True
Is 126 a factor of 4637039?
False
Is 360094 a multiple of 238?
True
Is 441839 a multiple of 43?
False
Does 26 divide 329314?
False
Is 1799025 a multiple of 17?
True
Is 1176 a factor of 403279?
False
Does 411 divide 3476653?
False
Is 71250 a multiple of 114?
True
Is 135900 a multiple of 22?
False
Is 266648 a multiple of 70?
False
Is 3278050 a multiple of 6?
False
Is 3278831 a multiple of 32?
False
Is 193433 a multiple of 2?
False
Does 336 divide 31617